{"id":163,"date":"2020-07-06T16:02:39","date_gmt":"2020-07-06T14:02:39","guid":{"rendered":"http:\/\/pkg.tvorcza-test.pl\/?page_id=163"},"modified":"2020-07-24T12:12:19","modified_gmt":"2020-07-24T10:12:19","slug":"strategia","status":"publish","type":"page","link":"https:\/\/www.pkgsa.pl\/?page_id=163","title":{"rendered":"Strategia"},"content":{"rendered":"\t\t<div data-elementor-type=\"wp-page\" data-elementor-id=\"163\" class=\"elementor elementor-163\">\n\t\t\t\t\t\t<section class=\"elementor-section elementor-top-section elementor-element elementor-element-33adf16 elementor-section-boxed elementor-section-height-default elementor-section-height-default\" data-id=\"33adf16\" data-element_type=\"section\">\n\t\t\t\t\t\t<div class=\"elementor-container elementor-column-gap-default\">\n\t\t\t\t\t<div class=\"elementor-column elementor-col-100 elementor-top-column elementor-element elementor-element-06357da\" data-id=\"06357da\" data-element_type=\"column\">\n\t\t\t<div class=\"elementor-widget-wrap elementor-element-populated\">\n\t\t\t\t\t\t<div class=\"elementor-element elementor-element-ed30644 txt-mid txt-mid-header  elementor-widget elementor-widget-text-editor\" data-id=\"ed30644\" data-element_type=\"widget\" data-widget_type=\"text-editor.default\">\n\t\t\t\t<div class=\"elementor-widget-container\">\n\t\t\t\t\t\t\t\t\t<p>Jak dzia\u0142amy?<\/p>\t\t\t\t\t\t\t\t<\/div>\n\t\t\t\t<\/div>\n\t\t\t\t\t<\/div>\n\t\t<\/div>\n\t\t\t\t\t<\/div>\n\t\t<\/section>\n\t\t\t\t<section class=\"elementor-section elementor-top-section elementor-element elementor-element-e80eb21 elementor-section-boxed elementor-section-height-default elementor-section-height-default\" data-id=\"e80eb21\" data-element_type=\"section\">\n\t\t\t\t\t\t<div class=\"elementor-container elementor-column-gap-default\">\n\t\t\t\t\t<div class=\"elementor-column elementor-col-50 elementor-top-column elementor-element elementor-element-8aede52\" data-id=\"8aede52\" data-element_type=\"column\">\n\t\t\t<div class=\"elementor-widget-wrap elementor-element-populated\">\n\t\t\t\t\t\t<div class=\"elementor-element elementor-element-f8e319d txt-min elementor-widget elementor-widget-text-editor\" data-id=\"f8e319d\" data-element_type=\"widget\" data-widget_type=\"text-editor.default\">\n\t\t\t\t<div class=\"elementor-widget-container\">\n\t\t\t\t\t\t\t\t\tMamy \u015bwiadomo\u015b\u0107 jak ci\u0119\u017ck\u0105 prac\u0105 buduje si\u0119 mark\u0119 przedsi\u0119biorstwa, dlatego dbamy o to, by wypracowany przez wiele lat pozytywny wizerunek Sp\u00f3\u0142ki, kreowany by\u0142 w dalszym ci\u0105gu w oparciu o <span class=\"span-color\">wieloletnie do\u015bwiadczenie, wiedz\u0119 i zaanga\u017cowanie<\/span> zarz\u0105du, w\u0142a\u015bciwych partner\u00f3w w biznesie oraz kompetentnego zespo\u0142u.\t\t\t\t\t\t\t\t<\/div>\n\t\t\t\t<\/div>\n\t\t\t\t\t<\/div>\n\t\t<\/div>\n\t\t\t\t<div class=\"elementor-column elementor-col-50 elementor-top-column elementor-element elementor-element-d36b593\" data-id=\"d36b593\" data-element_type=\"column\">\n\t\t\t<div class=\"elementor-widget-wrap elementor-element-populated\">\n\t\t\t\t\t\t<div class=\"elementor-element elementor-element-efab7e9 txt-min elementor-widget elementor-widget-text-editor\" data-id=\"efab7e9\" data-element_type=\"widget\" data-widget_type=\"text-editor.default\">\n\t\t\t\t<div class=\"elementor-widget-container\">\n\t\t\t\t\t\t\t\t\tStaramy si\u0119, by realizowane przez nas projekty, by\u0142y powodem do satysfakcji naszych pracownik\u00f3w i klient\u00f3w. Relacje pomi\u0119dzy kontrahentami i naszym zespo\u0142em budujemy zawsze w oparciu o zasady <span class=\"span-color\">fair play<\/span>, poniewa\u017c s\u0105 one dla nas wa\u017cne i stanowi\u0105 mocny fundament do ci\u0105g\u0142ego rozwoju i odnajdywania nowych dziedzin w kt\u00f3rych mo\u017cemy odnie\u015b\u0107 sukces.\t\t\t\t\t\t\t\t<\/div>\n\t\t\t\t<\/div>\n\t\t\t\t\t<\/div>\n\t\t<\/div>\n\t\t\t\t\t<\/div>\n\t\t<\/section>\n\t\t\t\t<section class=\"elementor-section elementor-top-section elementor-element elementor-element-4081539 elementor-section-stretched border-100-width elementor-section-boxed elementor-section-height-default elementor-section-height-default\" data-id=\"4081539\" data-element_type=\"section\" data-settings=\"{&quot;stretch_section&quot;:&quot;section-stretched&quot;,&quot;background_background&quot;:&quot;classic&quot;}\">\n\t\t\t\t\t\t<div class=\"elementor-container elementor-column-gap-default\">\n\t\t\t\t\t<div class=\"elementor-column elementor-col-100 elementor-top-column elementor-element elementor-element-0980587\" data-id=\"0980587\" data-element_type=\"column\">\n\t\t\t<div class=\"elementor-widget-wrap\">\n\t\t\t\t\t\t\t<\/div>\n\t\t<\/div>\n\t\t\t\t\t<\/div>\n\t\t<\/section>\n\t\t\t\t<section class=\"elementor-section elementor-top-section elementor-element elementor-element-5336fd7 elementor-section-stretched elementor-section-full_width move-div elementor-section-height-default elementor-section-height-default\" data-id=\"5336fd7\" data-element_type=\"section\" data-settings=\"{&quot;stretch_section&quot;:&quot;section-stretched&quot;,&quot;background_background&quot;:&quot;classic&quot;}\">\n\t\t\t\t\t\t\t<div class=\"elementor-background-overlay\"><\/div>\n\t\t\t\t\t\t\t<div class=\"elementor-container elementor-column-gap-default\">\n\t\t\t\t\t<div class=\"elementor-column elementor-col-100 elementor-top-column elementor-element elementor-element-b331546 rwd-margin\" data-id=\"b331546\" data-element_type=\"column\">\n\t\t\t<div class=\"elementor-widget-wrap elementor-element-populated\">\n\t\t\t\t\t\t<div class=\"elementor-element elementor-element-1f65b9f txt-mid col-45-width elementor-widget elementor-widget-text-editor\" data-id=\"1f65b9f\" data-element_type=\"widget\" data-widget_type=\"text-editor.default\">\n\t\t\t\t<div class=\"elementor-widget-container\">\n\t\t\t\t\t\t\t\t\t<p>Naszymi priorytetami we wszelkiego rodzaju dzia\u0142aniach biznesowych s\u0105: profesjonalizm, uczciwo\u015b\u0107, wsp\u00f3\u0142praca i szukanie kompromis\u00f3w.<\/p>\t\t\t\t\t\t\t\t<\/div>\n\t\t\t\t<\/div>\n\t\t\t\t\t<\/div>\n\t\t<\/div>\n\t\t\t\t\t<\/div>\n\t\t<\/section>\n\t\t\t\t<\/div>\n\t\t","protected":false},"excerpt":{"rendered":"<p>Jak dzia\u0142amy? Mamy \u015bwiadomo\u015b\u0107 jak ci\u0119\u017ck\u0105 prac\u0105 buduje si\u0119 mark\u0119 przedsi\u0119biorstwa, dlatego dbamy o to, by wypracowany przez wiele lat pozytywny wizerunek Sp\u00f3\u0142ki, kreowany by\u0142 w dalszym ci\u0105gu w oparciu o wieloletnie do\u015bwiadczenie, wiedz\u0119 i zaanga\u017cowanie zarz\u0105du, w\u0142a\u015bciwych partner\u00f3w w biznesie oraz kompetentnego zespo\u0142u.Staramy si\u0119, by realizowane przez nas projekty, by\u0142y powodem do satysfakcji naszych pracownik\u00f3w i klient\u00f3w. Relacje pomi\u0119dzy kontrahentami i naszym zespo\u0142em budujemy zawsze w oparciu o zasady fair play, poniewa\u017c s\u0105 one dla nas wa\u017cne i stanowi\u0105 mocny fundament do ci\u0105g\u0142ego rozwoju i odnajdywania nowych dziedzin w kt\u00f3rych mo\u017cemy odnie\u015b\u0107 sukces. Naszymi priorytetami we wszelkiego rodzaju dzia\u0142aniach biznesowych s\u0105: profesjonalizm, uczciwo\u015b\u0107, wsp\u00f3\u0142praca i szukanie kompromis\u00f3w.<\/p>\n","protected":false},"author":1,"featured_media":0,"parent":0,"menu_order":0,"comment_status":"closed","ping_status":"closed","template":"","meta":{"inline_featured_image":false,"footnotes":""},"_links":{"self":[{"href":"https:\/\/www.pkgsa.pl\/index.php?rest_route=\/wp\/v2\/pages\/163"}],"collection":[{"href":"https:\/\/www.pkgsa.pl\/index.php?rest_route=\/wp\/v2\/pages"}],"about":[{"href":"https:\/\/www.pkgsa.pl\/index.php?rest_route=\/wp\/v2\/types\/page"}],"author":[{"embeddable":true,"href":"https:\/\/www.pkgsa.pl\/index.php?rest_route=\/wp\/v2\/users\/1"}],"replies":[{"embeddable":true,"href":"https:\/\/www.pkgsa.pl\/index.php?rest_route=%2Fwp%2Fv2%2Fcomments&post=163"}],"version-history":[{"count":44,"href":"https:\/\/www.pkgsa.pl\/index.php?rest_route=\/wp\/v2\/pages\/163\/revisions"}],"predecessor-version":[{"id":575,"href":"https:\/\/www.pkgsa.pl\/index.php?rest_route=\/wp\/v2\/pages\/163\/revisions\/575"}],"wp:attachment":[{"href":"https:\/\/www.pkgsa.pl\/index.php?rest_route=%2Fwp%2Fv2%2Fmedia&parent=163"}],"curies":[{"name":"wp","href":"https:\/\/api.w.org\/{rel}","templated":true}]}}